lse
Is 6651049 a prime number?
True
Is 554413 a composite number?
True
Is 82685417 a composite number?
True
Is 10716481 a composite number?
False
Is 8945683 a prime number?
True
Is 250069 composite?
True
Is 1001621 a composite number?
False
Is 4414937 a composite number?
False
Is 37686157 a prime number?
True
Is 11439815 prime?
False
Is 262477 prime?
False
Is 10239573 prime?
False
Is 7293827 a prime number?
True
Is 214337 a prime number?
False
Is 5490085 a composite number?
True
Is 61358351 a prime number?
True
Is 4486505 a composite number?
True
Is 50550449 prime?
True
Is 37331909 prime?
True
Is 281540981 prime?
True
Is 20793739 prime?
True
Is 1236353 a composite number?
True
Is 125070227 a prime number?
True
Is 409590611 composite?
True
Is 9055841 a prime number?
False
Is 1856800483 a prime number?
True
Is 188337011 a prime number?
True
Is 6006391 a composite number?
False
Is 1677891 composite?
True
Is 4846367 a composite number?
False
Is 769338001 a composite number?
False
Is 8817923 composite?
False
Is 155330041 prime?
False
Is 40820563 a composite number?
True
Is 1141244947 composite?
False
Is 226444562 a prime number?
False
Is 13772701 a composite number?
True
Is 20477 prime?
True
Is 377571013 prime?
False
Is 55969037 a composite number?
False
Is 32984594 a composite number?
True
Is 686748857 a prime number?
True
Is 17150381 composite?
True
Is 579870727 composite?
False
Is 32523823 a composite number?
True
Is 2053189 a composite number?
False
Is 292994489 a composite number?
True
Is 16213877 prime?
False
Is 259887481 composite?
True
Is 39581107 a prime number?
False
Is 302211857 a composite number?
False
Is 170791287 a prime number?
False
Is 1437998 a prime number?
False
Is 18528281 composite?
False
Is 413327 prime?
False
Is 82090391 prime?
True
Is 285742351 composite?
False
Is 6346427 a prime number?
True
Is 268017793 a prime number?
True
Is 35173097 composite?
True
Is 2783059 prime?
False
Is 42292777 composite?
False
Is 15077813 composite?
False
Is 502573 a prime number?
False
Is 131954081 a composite number?
True
Is 2385371 composite?
True
Is 7750067 a composite number?
True
Is 33498589 composite?
False
Is 150809 a composite number?
True
Is 123341 composite?
False
Is 7323613 a prime number?
False
Is 41274851 a prime number?
True
Is 39162803 a prime number?
False
Is 21170717 composite?
False
Is 35935591 composite?
True
Is 6396113 prime?
True
Is 5842483 prime?
False
Is 231842633 a prime number?
False
Is 71827463 prime?
False
Is 30927007 a prime number?
True
Is 2031373 prime?
False
Is 442889 a composite number?
True
Is 1646401 a composite number?
True
Is 8998367 a prime number?
False
Is 72223321 a composite number?
False
Is 325921 a prime number?
True
Is 43499297 a prime number?
True
Is 2750623 a composite number?
False
Is 9210329 prime?
False
Is 14767381 a composite number?
False
Is 5976917 composite?
False
Is 75147911 a prime number?
True
Is 54516881 composite?
False
Is 293427229 a composite number?
True
Is 246847219 a prime number?
False
Is 10210007 prime?
True
Is 41196971 a composite number?
False
Is 27699113 a composite number?
True
Is 69178097 a prime number?
False
Is 53344838 prime?
False
Is 152544421 a prime number?
True
Is 36582089 composite?
True
Is 1560035 prime?
False
Is 40969099 a composite number?
True
Is 181938655 composite?
True
Is 62020787 prime?
True
Is 1258898 prime?
False
Is 188261737 a composite number?
False
Is 2432347 a prime number?
False
Is 80851247 a prime number?
True
Is 48036971 a prime number?
True
Is 160309599 a prime number?
False
Is 15043849 composite?
True
Is 47827777 a prime number?
True
Is 33222239 a prime number?
True
Is 84037849 composite?
True
Is 448681381 a prime number?
True
Is 18696341 composite?
True
Is 281776471 composite?
False
Is 6274909 composite?
True
Is 399685457 a prime number?
True
Is 7178207 a composite number?
True
Is 583827151 a prime number?
True
Is 412922189 a prime number?
True
Is 47140403 prime?
True
Is 90353939 a composite number?
True
Is 238629121 a prime number?
True
Is 1340309 a composite number?
True
Is 79786159 prime?
True
Is 33074186 prime?
False
Is 4851557 prime?
True
Is 371282 a composite number?
True
Is 241152017 a composite number?
False
Is 2833297 a composite number?
True
Is 14825053 a prime number?
False
Is 59514461 composite?
True
Is 944857 prime?
True
Is 241669555 a composite number?
True
Is 104588821 composite?
False
Is 326551 a prime number?
False
Is 705373 composite?
True
Is 1718627 prime?
False
Is 6031819 composite?
True
Is 615869 composite?
False
Is 296969 composite?
False
Is 7579417 a prime number?
True
Is 35046727 prime?
False
Is 11512487 a prime number?
False
Is 497449 composite?
False
Is 1271245 prime?
False
Is 194920237 prime?
True
Is 108627949 prime?
False
Is 892901 a composite number?
False
Is 69041923 a composite number?
False
Is 4037767 a prime number?
True
Is 17939683 a prime number?
True
Is 4039345 a prime number?
False
Is 7011143 a composite number?
False
Is 7485551 composite?
False
Is 6288441 composite?
True
Is 530907979 a composite number?
True
Is 8066815 prime?
False
Is 17031001 a composite number?
True
Is 759431 a prime number?
True
Is 20990713 composite?
True
Is 14426299 composite?
False
Is 174167887 a prime number?
True
Is 3378589 composite?
False
Is 59930287 a prime number?
False
Is 18397193 a prime number?
True
Is 20165539 a prime number?
True
Is 442633 a composite number?
False
Is 7373183 prime?
True
Is 10287685 a composite number?
True
Is 13188727 a composite number?
False
Is 42238673 prime?
False
Is 920141 prime?
False
Is 61213263 a composite number?
True
Is 1760757 a composite number?
True
Is 13399481 composite?
False
Is 202197683 composite?
True
Is 33902474 prime?
False
Is 2761249 a composite number?
True
Is 554035 a prime number?
False
Is 2946029 composite?
False
Is 15541213 a prime number?
False
Is 940607 a composite number?
False
Is 2393597 composite?
True
Is 22523057 a prime number?
False
Is 9544279 a composite number?
True
Is 4798081 prime?
True
Is 308255 a prime number?
False
Is 4906663 a prime number?
True
Is 21756733 composite?
False
Is 11851123 prime?
True
Is 294983 a composite number?
True
Is 3998679 a prime number?
False
Is 11977159 prime?
False
Is 328361755 composite?
True
Is 36356953 composite?
False
Is 272375299 prime?
False
Is 30089755 composite?
True
Is 3239189 a prime number?
False
Is 232933895 prime?
False
Is 11913351 prime?
False
Is 86033081 a prime number?
True
Is 367733 a composite number?
False
Is 30304529 a composite number?
False
Is 141629507 prime?
False
Is 8260701 prime?
False
Is 34175059 composite?
False
Is 162501581 prime?
False
Is 38027023 a prime number?
False
Is 6965113 a prime number?
False
Is 14139001 a prime number?
False
Is 630281 composite?
False
Is 19589257 prime?
True
Is 163181831 composite?
True
Is 48856219 a prime number?
False
Is 5516769 a prime number?
False
Is 129553 a composite number?
False
Is 149961143 a composite number?
False
Is 4520407 a composite number?
False
Is 31427477 prime?
True
Is 603283 a composite number?
False
Is 6539333 a prime number?
False
Is 1712951 a prime number?
True
Is 4126699 prime?
False
Is 3637367 a composite number?
False
Is 2646307 prime?
False
Is 11232307 a composite number?
True
Is 8824183 composite?
True
Is 1169207 prime?
False
Is 44659535 a composite number?
True
Is 191929049 a composite number?
True
Is 68772337 a prime number?
False
Is 148905467 a prime number?
True
Is 32280151 composite?
False
Is 631727 a composite number?
True
Is 4813337 prime?
True
Is 5229163 a composite number?
True
Is 12193 prime?
False
Is 439441 a composite number?
False
Is 5645851 prime?
True
Is 1510559 a prime number?
False
Is 13099921 prime?
True
Is 2192651 composite?
False
Is 5644399 a prime number?
True
Is 2532181 prime?
False
Is 7217774 prime?
False
Is 1338079 a composite number?
True
Is 806327 a prime number?
False
Is 105430207 composite?
False
Is 14082757 a prime number?
False
Is 6517481 composite?
False
Is 1669522 composite?
True
Is 4438091 a prime number?
False
Is 144959203 a prime number?
True
Is 513231 prime?
False
Is 130185611 a composite number?
True
Is 26964491 a prime number?
False
Is 6643859 a prime number?
True
Is 311473 prime?
True
Is 32076823 composite?
False
Is 24